 = 7*z - 133. Let p be f(19). Suppose q - 2*c = -p*c + 297, 3*c = -4*q + 1133. What is the greatest common factor of q and 41?
41
Let x(i) be the first derivative of i**4/4 + 7*i**3/3 - 5*i**2/2 + 2. Let l be x(-7). Let t = -39655 - -39669. Calculate the greatest common factor of t and l.
7
Suppose 0 = -9*b + 274720 - 158921 + 374809. What is the greatest common factor of 16 and b?
16
Suppose -61 + 187 = 21*y. Suppose -23 = -s - 2*a, -97 = -y*s + 4*a - 7. Let l be 4/(-14) - 718/(-14). Calculate the highest common divisor of s and l.
17
Let w be 1*4 + (4 - 2). Let x be 3780/75 - w/15. Let i = -28 + 48. Calculate the highest common divisor of i and x.
10
Let s(j) = -56*j + 860. Let z be s(10). What is the highest common divisor of 1950 and z?
150
Let m(l) = 114*l + 1741. Let d be m(-14). Calculate the greatest common factor of d and 5.
5
Let i be 4/2 - (-1 + 1). Let g be 2772/24 - -2 - 2/16*-4. Calculate the greatest common divisor of i and g.
2
Suppose 177 = -5*a + 1222. Let p = 33291 + -33258. What is the highest common divisor of p and a?
11
Suppose 0 = 15*j - 16*j + 3. Suppose j*o = -10 + 19. Suppose 0 = -o*h - 3*h + 90. Calculate the greatest common factor of h and 20.
5
Let o = 1921 - 1848. What is the greatest common divisor of o and 9?
1
Suppose -49*i = -52*i - 2*w + 302, 398 = 4*i + 5*w. Suppose k = -3*k + 24. Calculate the highest common divisor of i and k.
6
Let n be (2 - (-3 + 39) - 0)*84/(-56). Calculate the highest common divisor of n and 1020.
51
Let k(s) = 17*s**2 - 14*s + 15. Let w be k(1). Let v(q) = 4*q - 9. Let u be v(-7). Let j = u - -40. Calculate the greatest common divisor of w and j.
3
Let b = 12366 - 22326. Let u be b/(-75) + (-1)/(-5). Calculate the greatest common factor of u and 7.
7
Suppose -5*j = -3*d - 29, -3*d = 3*j + 2*d - 31. Let q be 297/18*(-1 + j). Let s be ((-18)/(-4))/(2/4). Calculate the greatest common factor of q and s.
9
Let l = 51 - 90. Let s be ((-10)/2 - -2)*923/l. What is the greatest common factor of s and 284?
71
Let s = 519 + -134. Let h = -197 + s. Calculate the highest common divisor of 141 and h.
47
Let v(r) = 95*r**2 + 4*r - 7. Let l be v(-5). Let t = -5924 + l. Let k be 4/14 + t/(-28). What is the greatest common divisor of 8 and k?
8
Let x = -206 + 280. Let o(u) = 2*u**2 - 9. Let f be o(8). Let t = f - x. What is the highest common factor of t and 18?
9
Let r be (-384)/(-56)*(-14)/(-2). Suppose -31*g + 4416 = 38*g. What is the greatest common divisor of g and r?
16
Suppose -2*d + 3*y + 1232 = 0, -4*y + 8*y - 8 = 0. Suppose -407 - d = -6*o. What is the highest common divisor of o and 9?
9
Let s be -20 + 3 + 31 + -6. What is the greatest common divisor of s and 1432?
8
Let v = -190 + 222. Suppose -12*i + 11*i + v = 0. Calculate the highest common divisor of 16 and i.
16
Let v = -270 - -411. Suppose 1059 = 5*c - v. Let t be (4 + -2)/(5/c*2). Calculate the greatest common divisor of t and 6.
6
Let z(w) = w**2 - w + 2. Suppose v + 4*d = -2*v + 14, 2*v = 2*d. Let f be z(v). Suppose -2 = 46*u - 47*u. Calculate the greatest common divisor of f and u.
2
Suppose 842 - 362 = 10*x. What is the greatest common factor of x and 1392?
48
Suppose 0 = -3336*b + 3358*b + 27 - 929. What is the greatest common divisor of b and 41?
41
Let l(r) be the first derivative of 9/2*r**2 - 3*r + 15 + r**3. Let q be l(-7). What is the highest common factor of q and 9?
9
Let t(r) = -r**2 - 41*r - 76. Suppose -s = 4*x + 148, -7 + 44 = -x - 5*s. Let d be t(x). Calculate the highest common divisor of 90 and d.
18
Suppose 4*i = -5*r + 12415, 0 = 2*r - 213 + 215. What is the highest common divisor of 270 and i?
135
Let q be ((-12)/(-3))/((-3*(-36)/(-27))/(-59)). Calculate the highest common factor of 5959 and q.
59
Let b(p) = 4*p**3 - 5*p**2 + 13*p - 48. Let a be b(7). Calculate the highest common divisor of a and 240.
30
Let y(v) = -41*v + 1597. Let f be y(38). What is the highest common divisor of 2769 and f?
39
Suppose 0 = -169*y + 201*y - 2432. What is the highest common factor of 2204 and y?
76
Let c = -67 - -71. Let t be (33/2 + 2)*c. Let h = -48 + t. Calculate the greatest common divisor of 234 and h.
26
Suppose 5*b = 4*b - 27. Let r = 62 + b. Let n = -98 + 168. What is the highest common factor of n and r?
35
Suppose 4*g + 72 = 5*g. Let q be ((g/5)/2)/((-1)/(-5)). Suppose 8 = -m + 3*m. What is the highest common divisor of q and m?
4
Let p(c) = 2*c**3 - 13*c**2 + 11*c + 8. Let o be p(9). Let m = o + -500. Calculate the highest common factor of 1824 and m.
12
Let l be (17 + -15)/(4/(-10)). Let q be (-350)/l*((-3)/3 - -2). Let r = q - 66. What is the greatest common divisor of 8 and r?
4
Let t(j) = -184*j - 10573. Let z be t(-58). Calculate the highest common divisor of 627 and z.
33
Suppose -6 = -4*u - 2, -324 = -4*s - 4*u. Suppose 4*z - s = -16*z. Calculate the highest common factor of 48 and z.
4
Let i = -716 + 887. Calculate the highest common factor of i and 45.
9
Let t be (196 + -31)*34/5. What is the greatest common factor of t and 714?
102
Suppose 27*i = -2*p + 32*i + 774, 1935 = 5*p - 4*i. What is the greatest common factor of p and 27?
9
Suppose 7*y + 14175 = 16*y. Calculate the greatest common divisor of 100 and y.
25
Let y(b) = 391*b**2 + 13*b + 1. Let p be y(-2). Calculate the greatest common divisor of p and 57.
57
Let k be (337/(-3) + -7)*54/(-4). What is the greatest common factor of k and 9?
9
Let m = 11588 - 8115. Calculate the greatest common factor of m and 302.
151
Let u(f) = 8*f**2 + 2*f + 26. Let s be u(0). Suppose 3585 = s*g - 575. Let v be ((-20)/6)/((-2)/12). What is the greatest common factor of g and v?
20
Let r be (24/6 + -12)*-6. Suppose -2*u - 3*d = -36, -5*u + 3*d = -0*u - r. What is the highest common factor of u and 3?
3
Let m = 419 + -299. Suppose -3*k + 186 = -15*d + 19*d, 0 = 2*d + 5*k - 86. Calculate the highest common factor of m and d.
24
Suppose 73 = -2*a + 55. Let u be 12*(1/a - 420/(-54)). What is the greatest common divisor of u and 4?
4
Suppose l - 37 = s - 167, 0 = 4*l + 20. Let w(x) = -2 + 0 + 0 - 4*x + 11. Let m be w(-4). Calculate the greatest common divisor of s and m.
25
Suppose -14*w + 655 = 357 - 318. Calculate the highest common divisor of w and 28.
4
Let z be 6/32 + 17137610/10528. Calculate the greatest common factor of 308 and z.
44
Let z be (-24)/(-10)*(-75)/(-6). Let y = 1076 - -416. Let j be (-24)/15 + 2 - y/(-20). What is the highest common divisor of z and j?
15
Suppose -3*q - 10241 = -33*q + 11*q. Calculate the highest common factor of q and 385.
77
Suppose 4*f = 3*f + 826. Let t be (-21)/(-36)*(-609 + 633). What is the greatest common factor of f and t?
14
Let h(p) = 4*p**2 - 247*p + 225. Let q be h(61). Calculate the highest common factor of q and 91.
7
Suppose -25 = 5*u - 105. Let z be 3 - (-3 + 9 - 25). Suppose 0 = -f + 4*v + z, -v + 2 - 7 = 0. What is the highest common divisor of u and f?
2
Let h be (3792/(-40))/(-1 - (-159)/165). Suppose -2*s = -2*i + 758, -3*s - h = -5*i - 702. What is the greatest common factor of 12 and i?
12
Suppose 2*u + 152 = -2*h + 4*h, -5*h = -5. Let o be u*(-1)/((-3)/(-3)). Let v = -5206 - -5231. What is the greatest common factor of v and o?
25
Suppose 0 = 288*h - 2377 - 30325 + 8222. Calculate the highest common factor of h and 493.
17
Suppose 119*d = 117*d + 7428. What is the highest common divisor of 6 and d?
6
Let a be (-3)/(-9) - (-14)/((-672)/(-14576)). Calculate the greatest common divisor of 12 and a.
4
Let i(q) = 5*q + 84. Let h be i(-12). Suppose -5*r = -49 + h. What is the highest common factor of r and 2?
1
Let t be (-13)/((-117)/10200) + 4/6. What is the greatest common divisor of t and 14?
14
Let p = 11610 + -11346. What is the greatest common divisor of p and 2277?
33
Suppose 5*n + 3409 - 18495 = 3*x, 3*x - 15074 = -5*n. What is the highest common factor of 29 and n?
29
Let o be (1131/(-15))/((-3)/(-10))*(-75)/2. Calculate the highest common divisor of 13 and o.
13
Let m be (34 - 12)*(-2)/(-2). Let n = 61 - m. Let i = 74 - n. What is the highest common factor of 5 and i?
5
Let i be (-22)/4*(-2 - 18). Suppose -9*k = -2*k + 7. Let s be 8 - (k - (0 - -2)). Calculate the highest common divisor of i and s.
11
Let l be 11/(88/140)*56/20. Let n = 9 - 2. Calculate the greatest common divisor of n and l.
7
Let a be